

{"id":867,"date":"2020-12-18T11:21:27","date_gmt":"2020-12-18T11:21:27","guid":{"rendered":"http:\/\/www.jama.ooo\/?page_id=867"},"modified":"2021-10-18T19:01:20","modified_gmt":"2021-10-18T19:01:20","slug":"ahoj","status":"publish","type":"page","link":"https:\/\/www.jama.ooo\/en\/ahoj\/","title":{"rendered":"Ahoj!"},"content":{"rendered":"<p><em>Na tejto str\u00e1nke n\u00e1jdete v\u0161etky odkazy z n\u00e1\u0161ho Instagramu @jama.ooo:<\/em><\/p>\n<p><strong>19. okt\u00f3ber 2021:<\/strong> <a href=\"http:\/\/www.jama.ooo\/tlacova-sprava-2021\/\">\u010co v\u0161etko sa chyst\u00e1 na JAMA 2021?<\/a><\/p>\n<p><strong>16. okt\u00f3ber 2021:<\/strong> <a href=\"https:\/\/tootoot.fm\/sk\/events\/6155e3bda7cc38023851ce4e\">Predpredaj na JAMA \u2013 75. ro\u010dn\u00edk Milana Adam\u010diaka<\/a><\/p>\n<p><strong>13. okt\u00f3ber 2021:<\/strong> <a href=\"https:\/\/vimeo.com\/628437501\">JAMA \u2013 74. ro\u010dn\u00edk Milana Adam\u010diaka anti-aftermovie<\/a><\/p>\n<p><strong>28. janu\u00e1r 2021:<\/strong> <a href=\"https:\/\/www.facebook.com\/events\/1976652895815687\/\">FB event JAMA \u2013 75. ro\u010dn\u00edk Milana Adam\u010diaka<\/a><\/p>\n<p><strong>16. janu\u00e1r 2021:<\/strong> <a href=\"https:\/\/www.facebook.com\/flashartczsk\/posts\/5248551288496130\">Recenzia na JAMA 2020 vo Flash art<\/a><\/p>\n<p><strong>18. december 2020:<\/strong> <a href=\"https:\/\/artalk.cz\/2020\/10\/25\/jama-74-rocnik-milana-adamciaka\/sk\/\">Fotoreport na Artalk.cz<\/a><\/p>\n<p><strong>15. december 2020:<\/strong> <a href=\"http:\/\/www.jama.ooo\/video-jama-2020\/\">Videoarch\u00edv JAMA \u2013 74. ro\u010dn\u00edk Milana Adam\u010diaka<\/a><\/p>\n<p>&nbsp;<\/p>\n<p>&nbsp;<\/p>\n","protected":false},"excerpt":{"rendered":"<p>Na tejto str\u00e1nke n\u00e1jdete v\u0161etky odkazy z n\u00e1\u0161ho Instagramu @jama.ooo: 19. okt\u00f3ber 2021: \u010co v\u0161etko sa chyst\u00e1 na JAMA 2021? 16. okt\u00f3ber 2021: Predpredaj na JAMA \u2013 75. ro\u010dn\u00edk Milana Adam\u010diaka 13. okt\u00f3ber 2021: JAMA \u2013 74. ro\u010dn\u00edk Milana Adam\u010diaka anti-aftermovie 28. janu\u00e1r 2021: FB event JAMA \u2013 75. ro\u010dn\u00edk Milana Adam\u010diaka 16. janu\u00e1r 2021: [&#8230;]<\/p>\n<p><a class=\"btn btn-secondary understrap-read-more-link\" href=\"https:\/\/www.jama.ooo\/en\/ahoj\/\">Read More&#8230;<span class=\"screen-reader-text\"> from Ahoj!<\/span><\/a><\/p>\n","protected":false},"author":2,"featured_media":0,"parent":0,"menu_order":0,"comment_status":"closed","ping_status":"closed","template":"","meta":{"footnotes":""},"class_list":["post-867","page","type-page","status-publish","hentry"],"_links":{"self":[{"href":"https:\/\/www.jama.ooo\/en\/wp-json\/wp\/v2\/pages\/867","targetHints":{"allow":["GET"]}}],"collection":[{"href":"https:\/\/www.jama.ooo\/en\/wp-json\/wp\/v2\/pages"}],"about":[{"href":"https:\/\/www.jama.ooo\/en\/wp-json\/wp\/v2\/types\/page"}],"author":[{"embeddable":true,"href":"https:\/\/www.jama.ooo\/en\/wp-json\/wp\/v2\/users\/2"}],"replies":[{"embeddable":true,"href":"https:\/\/www.jama.ooo\/en\/wp-json\/wp\/v2\/comments?post=867"}],"version-history":[{"count":7,"href":"https:\/\/www.jama.ooo\/en\/wp-json\/wp\/v2\/pages\/867\/revisions"}],"predecessor-version":[{"id":1015,"href":"https:\/\/www.jama.ooo\/en\/wp-json\/wp\/v2\/pages\/867\/revisions\/1015"}],"wp:attachment":[{"href":"https:\/\/www.jama.ooo\/en\/wp-json\/wp\/v2\/media?parent=867"}],"curies":[{"name":"wp","href":"https:\/\/api.w.org\/{rel}","templated":true}]}}

<p><em>Na tejto stránke nájdete všetky odkazy z nášho Instagramu @jama.ooo:</em></p>
<p><strong>19. október 2021:</strong> <a href="http://www.jama.ooo/tlacova-sprava-2021/">Čo všetko sa chystá na JAMA 2021?</a></p>
<p><strong>16. október 2021:</strong> <a href="https://tootoot.fm/sk/events/6155e3bda7cc38023851ce4e">Predpredaj na JAMA – 75. ročník Milana Adamčiaka</a></p>
<p><strong>13. október 2021:</strong> <a href="https://vimeo.com/628437501">JAMA – 74. ročník Milana Adamčiaka anti-aftermovie</a></p>
<p><strong>28. január 2021:</strong> <a href="https://www.facebook.com/events/1976652895815687/">FB event JAMA – 75. ročník Milana Adamčiaka</a></p>
<p><strong>16. január 2021:</strong> <a href="https://www.facebook.com/flashartczsk/posts/5248551288496130">Recenzia na JAMA 2020 vo Flash art</a></p>
<p><strong>18. december 2020:</strong> <a href="https://artalk.cz/2020/10/25/jama-74-rocnik-milana-adamciaka/sk/">Fotoreport na Artalk.cz</a></p>
<p><strong>15. december 2020:</strong> <a href="http://www.jama.ooo/video-jama-2020/">Videoarchív JAMA – 74. ročník Milana Adamčiaka</a></p>
<p>&nbsp;</p>
<p>&nbsp;</p>

<p>Na tejto stránke nájdete všetky odkazy z nášho Instagramu @jama.ooo: 19. október 2021: Čo všetko sa chystá na JAMA 2021? 16. október 2021: Predpredaj na JAMA – 75. ročník Milana Adamčiaka 13. október 2021: JAMA – 74. ročník Milana Adamčiaka anti-aftermovie 28. január 2021: FB event JAMA – 75. ročník Milana Adamčiaka 16. január 2021: [&#8230;]</p>
<p><a class="btn btn-secondary understrap-read-more-link" href="https://www.jama.ooo/en/ahoj/">Read More&#8230;<span class="screen-reader-text"> from Ahoj!</span></a></p>
